{"version":"1.0","provider_name":"S\u00e9minaire : Pens\u00e9e et Culture","provider_url":"https:\/\/penseeetculture.ca\/fr","author_name":"admin","author_url":"https:\/\/penseeetculture.ca\/fr\/author\/admin\/","title":"\u00ab La connaissance de la pratique. Le probl\u00e8me de la dialectique chez Marx \u00bb - S\u00e9minaire : Pens\u00e9e et Culture","type":"rich","width":600,"height":338,"html":"<blockquote class=\"wp-embedded-content\" data-secret=\"eeoLdO5OAN\"><a href=\"https:\/\/penseeetculture.ca\/fr\/archive\/2010-2\/clain\/\">\u00ab La connaissance de la pratique. Le probl\u00e8me de la dialectique chez Marx \u00bb<\/a><\/blockquote><iframe sandbox=\"allow-scripts\" security=\"restricted\" src=\"https:\/\/penseeetculture.ca\/fr\/archive\/2010-2\/clain\/embed\/#?secret=eeoLdO5OAN\" width=\"600\" height=\"338\" title=\"\u00ab\u00a0\u00ab La connaissance de la pratique. Le probl\u00e8me de la dialectique chez Marx \u00bb\u00a0\u00bb &#8212; S\u00e9minaire : Pens\u00e9e et Culture\" data-secret=\"eeoLdO5OAN\" frameborder=\"0\" marginwidth=\"0\" marginheight=\"0\" scrolling=\"no\" class=\"wp-embedded-content\"><\/iframe><script type=\"text\/javascript\">\n\/* <![CDATA[ *\/\n\/*! This file is auto-generated *\/\n!function(d,l){\"use strict\";l.querySelector&&d.addEventListener&&\"undefined\"!=typeof URL&&(d.wp=d.wp||{},d.wp.receiveEmbedMessage||(d.wp.receiveEmbedMessage=function(e){var t=e.data;if((t||t.secret||t.message||t.value)&&!\/[^a-zA-Z0-9]\/.test(t.secret)){for(var s,r,n,a=l.querySelectorAll('iframe[data-secret=\"'+t.secret+'\"]'),o=l.querySelectorAll('blockquote[data-secret=\"'+t.secret+'\"]'),c=new RegExp(\"^https?:$\",\"i\"),i=0;i<o.length;i++)o[i].style.display=\"none\";for(i=0;i<a.length;i++)s=a[i],e.source===s.contentWindow&&(s.removeAttribute(\"style\"),\"height\"===t.message?(1e3<(r=parseInt(t.value,10))?r=1e3:~~r<200&&(r=200),s.height=r):\"link\"===t.message&&(r=new URL(s.getAttribute(\"src\")),n=new URL(t.value),c.test(n.protocol))&&n.host===r.host&&l.activeElement===s&&(d.top.location.href=t.value))}},d.addEventListener(\"message\",d.wp.receiveEmbedMessage,!1),l.addEventListener(\"DOMContentLoaded\",function(){for(var e,t,s=l.querySelectorAll(\"iframe.wp-embedded-content\"),r=0;r<s.length;r++)(t=(e=s[r]).getAttribute(\"data-secret\"))||(t=Math.random().toString(36).substring(2,12),e.src+=\"#?secret=\"+t,e.setAttribute(\"data-secret\",t)),e.contentWindow.postMessage({message:\"ready\",secret:t},\"*\")},!1)))}(window,document);\n\/\/# sourceURL=https:\/\/penseeetculture.ca\/wp-includes\/js\/wp-embed.min.js\n\/* ]]> *\/\n<\/script>\n","description":"Cette conf\u00e9rence cherche \u00e0 probl\u00e9matiser la place de la dialectique dans l\u2019\u0153uvre de Marx. De nombreux commentateurs contestent le fait que son ouvrage de maturit\u00e9, le Capital, conserve une authentique approche dialectique de la r\u00e9alit\u00e9 sociale. La conf\u00e9rence s\u2019efforcera au contraire de montrer que Marx d\u00e9couvre alors une dialectique immanente aux produits des activit\u00e9s humaines [&hellip;]"}

Séminaire : Pensée et Culture

« La connaissance de la pratique. Le problème de la dialectique chez Marx » - Séminaire : Pensée et Culture

<blockquote class="wp-embedded-content" data-secret="eeoLdO5OAN"><a href="https://penseeetculture.ca/fr/archive/2010-2/clain/">« La connaissance de la pratique. Le problème de la dialectique chez Marx »</a></blockquote><iframe sandbox="allow-scripts" security="restricted" src="https://penseeetculture.ca/fr/archive/2010-2/clain/embed/#?secret=eeoLdO5OAN" width="600" height="338" title="« « La connaissance de la pratique. Le problème de la dialectique chez Marx » » &#8212; Séminaire : Pensée et Culture" data-secret="eeoLdO5OAN" frameborder="0" marginwidth="0" marginheight="0" scrolling="no" class="wp-embedded-content"></iframe><script type="text/javascript">
/* <![CDATA[ */
/*! This file is auto-generated */
!function(d,l){"use strict";l.querySelector&&d.addEventListener&&"undefined"!=typeof URL&&(d.wp=d.wp||{},d.wp.receiveEmbedMessage||(d.wp.receiveEmbedMessage=function(e){var t=e.data;if((t||t.secret||t.message||t.value)&&!/[^a-zA-Z0-9]/.test(t.secret)){for(var s,r,n,a=l.querySelectorAll('iframe[data-secret="'+t.secret+'"]'),o=l.querySelectorAll('blockquote[data-secret="'+t.secret+'"]'),c=new RegExp("^https?:$","i"),i=0;i<o.length;i++)o[i].style.display="none";for(i=0;i<a.length;i++)s=a[i],e.source===s.contentWindow&&(s.removeAttribute("style"),"height"===t.message?(1e3<(r=parseInt(t.value,10))?r=1e3:~~r<200&&(r=200),s.height=r):"link"===t.message&&(r=new URL(s.getAttribute("src")),n=new URL(t.value),c.test(n.protocol))&&n.host===r.host&&l.activeElement===s&&(d.top.location.href=t.value))}},d.addEventListener("message",d.wp.receiveEmbedMessage,!1),l.addEventListener("DOMContentLoaded",function(){for(var e,t,s=l.querySelectorAll("iframe.wp-embedded-content"),r=0;r<s.length;r++)(t=(e=s[r]).getAttribute("data-secret"))||(t=Math.random().toString(36).substring(2,12),e.src+="#?secret="+t,e.setAttribute("data-secret",t)),e.contentWindow.postMessage({message:"ready",secret:t},"*")},!1)))}(window,document);
//# sourceURL=https://penseeetculture.ca/wp-includes/js/wp-embed.min.js
/* ]]> */
</script>

Cette conférence cherche à problématiser la place de la dialectique dans l’œuvre de Marx. De nombreux commentateurs contestent le fait que son ouvrage de maturité, le Capital, conserve une authentique approche dialectique de la réalité sociale. La conférence s’efforcera au contraire de montrer que Marx découvre alors une dialectique immanente aux produits des activités humaines [&hellip;]
