{"version":"1.0","provider_name":"S\u00e9minaire : Pens\u00e9e et Culture","provider_url":"https:\/\/penseeetculture.ca\/fr","author_name":"admin","author_url":"https:\/\/penseeetculture.ca\/fr\/author\/admin\/","title":"L\u2019affaire de la Burqa et la panique morale collective - S\u00e9minaire : Pens\u00e9e et Culture","type":"rich","width":600,"height":338,"html":"<blockquote class=\"wp-embedded-content\" data-secret=\"5PMOUyLzIM\"><a href=\"https:\/\/penseeetculture.ca\/fr\/archive\/2010-2\/lacassagne\/\">L\u2019affaire de la Burqa et la panique morale collective<\/a><\/blockquote><iframe sandbox=\"allow-scripts\" security=\"restricted\" src=\"https:\/\/penseeetculture.ca\/fr\/archive\/2010-2\/lacassagne\/embed\/#?secret=5PMOUyLzIM\" width=\"600\" height=\"338\" title=\"\u00ab\u00a0L\u2019affaire de la Burqa et la panique morale collective\u00a0\u00bb &#8212; S\u00e9minaire : Pens\u00e9e et Culture\" data-secret=\"5PMOUyLzIM\" frameborder=\"0\" marginwidth=\"0\" marginheight=\"0\" scrolling=\"no\" class=\"wp-embedded-content\"><\/iframe><script type=\"text\/javascript\">\n\/* <![CDATA[ *\/\n\/*! This file is auto-generated *\/\n!function(d,l){\"use strict\";l.querySelector&&d.addEventListener&&\"undefined\"!=typeof URL&&(d.wp=d.wp||{},d.wp.receiveEmbedMessage||(d.wp.receiveEmbedMessage=function(e){var t=e.data;if((t||t.secret||t.message||t.value)&&!\/[^a-zA-Z0-9]\/.test(t.secret)){for(var s,r,n,a=l.querySelectorAll('iframe[data-secret=\"'+t.secret+'\"]'),o=l.querySelectorAll('blockquote[data-secret=\"'+t.secret+'\"]'),c=new RegExp(\"^https?:$\",\"i\"),i=0;i<o.length;i++)o[i].style.display=\"none\";for(i=0;i<a.length;i++)s=a[i],e.source===s.contentWindow&&(s.removeAttribute(\"style\"),\"height\"===t.message?(1e3<(r=parseInt(t.value,10))?r=1e3:~~r<200&&(r=200),s.height=r):\"link\"===t.message&&(r=new URL(s.getAttribute(\"src\")),n=new URL(t.value),c.test(n.protocol))&&n.host===r.host&&l.activeElement===s&&(d.top.location.href=t.value))}},d.addEventListener(\"message\",d.wp.receiveEmbedMessage,!1),l.addEventListener(\"DOMContentLoaded\",function(){for(var e,t,s=l.querySelectorAll(\"iframe.wp-embedded-content\"),r=0;r<s.length;r++)(t=(e=s[r]).getAttribute(\"data-secret\"))||(t=Math.random().toString(36).substring(2,12),e.src+=\"#?secret=\"+t,e.setAttribute(\"data-secret\",t)),e.contentWindow.postMessage({message:\"ready\",secret:t},\"*\")},!1)))}(window,document);\n\/\/# sourceURL=https:\/\/penseeetculture.ca\/wp-includes\/js\/wp-embed.min.js\n\/* ]]> *\/\n<\/script>\n","description":"Ces derniers mois, la France a v\u00e9cu une v\u00e9ritable hyst\u00e9rie collective au sujet des femmes musulmanes portant la burqa (couvrant tout le corps et le visage). Cette pr\u00e9sentation vise \u00e0 faire le lien entre \u00ab l\u2019affaire de la burqa \u00bb en tant que ph\u00e9nom\u00e8ne de panique collective et les processus sociaux de longue dur\u00e9e qui [&hellip;]"}

Séminaire : Pensée et Culture

L’affaire de la Burqa et la panique morale collective - Séminaire : Pensée et Culture

<blockquote class="wp-embedded-content" data-secret="5PMOUyLzIM"><a href="https://penseeetculture.ca/fr/archive/2010-2/lacassagne/">L’affaire de la Burqa et la panique morale collective</a></blockquote><iframe sandbox="allow-scripts" security="restricted" src="https://penseeetculture.ca/fr/archive/2010-2/lacassagne/embed/#?secret=5PMOUyLzIM" width="600" height="338" title="« L’affaire de la Burqa et la panique morale collective » &#8212; Séminaire : Pensée et Culture" data-secret="5PMOUyLzIM" frameborder="0" marginwidth="0" marginheight="0" scrolling="no" class="wp-embedded-content"></iframe><script type="text/javascript">
/* <![CDATA[ */
/*! This file is auto-generated */
!function(d,l){"use strict";l.querySelector&&d.addEventListener&&"undefined"!=typeof URL&&(d.wp=d.wp||{},d.wp.receiveEmbedMessage||(d.wp.receiveEmbedMessage=function(e){var t=e.data;if((t||t.secret||t.message||t.value)&&!/[^a-zA-Z0-9]/.test(t.secret)){for(var s,r,n,a=l.querySelectorAll('iframe[data-secret="'+t.secret+'"]'),o=l.querySelectorAll('blockquote[data-secret="'+t.secret+'"]'),c=new RegExp("^https?:$","i"),i=0;i<o.length;i++)o[i].style.display="none";for(i=0;i<a.length;i++)s=a[i],e.source===s.contentWindow&&(s.removeAttribute("style"),"height"===t.message?(1e3<(r=parseInt(t.value,10))?r=1e3:~~r<200&&(r=200),s.height=r):"link"===t.message&&(r=new URL(s.getAttribute("src")),n=new URL(t.value),c.test(n.protocol))&&n.host===r.host&&l.activeElement===s&&(d.top.location.href=t.value))}},d.addEventListener("message",d.wp.receiveEmbedMessage,!1),l.addEventListener("DOMContentLoaded",function(){for(var e,t,s=l.querySelectorAll("iframe.wp-embedded-content"),r=0;r<s.length;r++)(t=(e=s[r]).getAttribute("data-secret"))||(t=Math.random().toString(36).substring(2,12),e.src+="#?secret="+t,e.setAttribute("data-secret",t)),e.contentWindow.postMessage({message:"ready",secret:t},"*")},!1)))}(window,document);
//# sourceURL=https://penseeetculture.ca/wp-includes/js/wp-embed.min.js
/* ]]> */
</script>

Ces derniers mois, la France a vécu une véritable hystérie collective au sujet des femmes musulmanes portant la burqa (couvrant tout le corps et le visage). Cette présentation vise à faire le lien entre « l’affaire de la burqa » en tant que phénomène de panique collective et les processus sociaux de longue durée qui [&hellip;]
